5 - (6 - 1)) - (-39 - -27)
-82
Evaluate -39 + 20 + (-22 - -57) + -16.
0
Evaluate (1 + 13 - (14 - (-23 - -28))) + -2.
3
Evaluate 24 - (27 - (-36 + -53)).
-92
What is 3199 - 3233 - (2 + -119)?
83
What is the value of 13 + -4 - 0 - (25 + (-42 - 19))?
45
Evaluate (-3 + -24 - -41) + (6 - 41).
-21
(16 - 21) + -58 + 1 + 7 + 36 + -24
-43
Calculate -38 + 16 + 53 + -13 + 0 + -4.
14
What is 13 + (3 + 10 + -57 - (19 + -5 + -2))?
-43
What is (334 - 345) + -8 + 4 + -104?
-119
What is the value of 34 + 2 - (-31 + 9 - -25)?
33
What is the value of 40 + -4 + -61 - -61?
36
Calculate -120 + 104 + 66 + -7.
43
What is (23 - ((-50 - -50) + 112)) + -44?
-133
Calculate 46 - ((-41 - -28) + 82).
-23
((0 - 0) + -9 - 0) + (53 + 51 - 113)
-18
What is -27 + 5 - (15 + 7 + (-15 - -4) + -7)?
-26
Evaluate 65 + 0 + -39 + -11.
15
What is -261 - -84 - -170 - ((-2 - 28) + 1)?
22
What is the value of -4 + -61 - (15 - (-20 + 42) - -6)?
-64
Calculate -227 + (-30 - -97) + 153.
-7
What is the value of 82 - ((-7 + 3 + -8 - -5) + 28 - 12)?
73
Evaluate 27 - -5 - (1007 - 889).
-86
What is the value of 105 - (10 + -13 + (7 - 3) + 3 - -3)?
98
Evaluate -8 - (1 + 1 + 8 - (-140 + 143)).
-15
What is -8 - ((23 - (-1 - -10)) + -27) - -17?
22
What is -1758 - -1692 - (-102 - 0)?
36
Calculate (-258 - -212) + (5 - -6).
-35
What is -1887 - -1919 - (-31 - -1)?
62
Calculate 85 - (51 + (48 - 46)).
32
What is 25 + -2 - (84 - 38 - 120)?
97
What is the value of 831 + -845 + (-54 - (-4 + 4) - 4)?
-72
What is the value of 7 - ((1114 - 1106) + (-1 - -2 - 12) + -32)?
42
(-21 + (-18 - -26) - -5) + -5 + 5 + -98
-106
Calculate (-55 - (-68 - -38)) + -2.
-27
What is the value of -2 + 17 - (-6 + 53 + 56 - 8)?
-80
-9 - (0 - -1 - 2 - (-4 + 53 + -64))
-23
-51 - (-15 - (29 - 8))
-15
Calculate 25 + -6 - (5 + 14 - 38).
38
Calculate 9 + (-21 + 17 + -14 - 1).
-10
What is 10 - (15 - 4 - 80) - ((14 - 33) + 14)?
84
Evaluate (13 - (7 + -10) - (-5 + 1)) + 39.
59
Evaluate 1 + -127 + -61 + 45 + 53.
-89
Evaluate -32 - (-229 + 107 - -61).
29
Calculate 81 + -97 + (29 - -63).
76
Calculate 11 + 2 + -5 - (-84 - -115).
-23
What is 52 + (-10 - (4 - (-15 + 9 - -10))) + 22?
64
Calculate 120 + (58 + 51 - 91).
138
What is 2 + 64 + (-19 - 26 - -30)?
51
What is the value of (-42 - -1) + (41 - 83 - -55)?
-28
What is the value of (-24 - -23 - -33 - 22) + 47 + -2 + 1?
56
Evaluate 111 - (131 - 166 - -10).
136
Calculate (158 - 205) + (15 - -2).
-30
12 + (2 - 13) - (6 + (-31 - -4 - 0))
22
Calculate (-504 - -513 - (-2 - -1 - 1)) + -20.
-9
3 + 11 + -2 + 1511 + -1610
-87
Calculate -9 + (8 - 10 - (0 - -2)) + (-222 - -341).
106
Evaluate -14 - 0 - (-78 + 101).
-37
59 + -148 + 5 + (-8 - -4 - -8)
-80
Calculate -20 - (1153 - 1145 - (0 - -18)).
-10
56 + (-51 - -1) + -30 + -2 + 17
-9
What is the value of (-102 + 213 - 117) + (1 - -25)?
20
What is -1 + (-2 - -4) + 20 + (-32 - 8)?
-19
What is the value of 4 + (-13 - (93 + -12 - -2)) - -13?
-79
What is (1 - 14 - (35 + (-11 - 33))) + 63 + 0?
59
-145 - (-249 + 112) - (-9 - (0 + 1))
2
What is (-39 - -34) + (3 - -20) - -40?
58
What is (-86 - (81 + -350)) + -93?
90
Evaluate -61 + -32 + 158 + -94.
-29
What is the value of (1 - -6) + (-12 - -4) + 7 + -40 + 0?
-34
(-7 - 0 - (17 - -11 - 32)) + 13
10
What is the value of -2 - 49 - (249 + -291)?
-9
(7 - -38 - -12) + -29
28
(4 - 10) + (386 - 365)
15
What is (2 - 28) + (-1872 - -1912)?
14
What is the value of -7 + (-5 - (54 + -31))?
-35
What is 54 + -153 + -8 - -65?
-42
(-61 + 10 - -63) + 27
39
Evaluate -1 + 3 + 11 + (-9 - 4) + -14 + -7.
-21
What is the value of -1 + 17 - (-991 + 863) - 35?
109
What is the value of -6 + 7 + -7 + 7 + -3 + 0 + -37?
-39
What is 0 + -1 + (31 - 40) + 10 + 5 + 63?
68
Evaluate -205 + 299 + -58 + 0 + -14 + -1.
21
(-27 - -42) + 22 - (-7 + 4 + (0 - -2))
38
What is (-15 - 0) + (13 + -10 - 0) + -11?
-23
84 + 44 + -32 + -60
36
What is the value of 16 - (-36 + 15 - -35) - (-38 - -3)?
37
Calculate (34 + 21 - 148) + -58.
-151
-99 - (-18 - -11 - (-4 + (-4 - 1)))
-101
(0 - -46) + 77 + -62 + (7 - (27 + 4))
37
Evaluate (25 - 0) + (74 - 50 - -6).
55
Evaluate -5 - -42 - (113 - 4).
-72
What is -9 - ((5 - -3) + (27 - 34) + (7 - 13))?
-4
Calculate -20 + (-60 - (-17 + (-24 - -20) - 1)).
-58
Calculate 0 + 9 + -5 + -3 - -8 - (-162 + 53).
118
Calculate (-2 + 1 - -16 - 3 - (31 + -41)) + 6.
28
Calculate -128 + 214 + -101 + -21.
-36
What is (-5 - (-3 + -44)) + 0 + -13 + (-3 - -9)?
35
(-28 - -32) + -12 + 7 - 11 - (5 + -60)
43
(-60 + 27 - (-37 - 82)) + 13
99
What is -17 - ((15 - 2) + -9 - 15 - -30)?
-36
2 - 33 - (384 + -391)
-24
Evaluate 10 - -3 - (15 - ((12 - 16) + -25)).
-31
Calculate 90 + 16 + 134 - 107.
133
Evaluate -78 + (68 - -33) - (1 + 5).
17
Evaluate 12 + 6 + -17 - (-2 - (-75 - 2)).
-74
Calculate 23 + (9 - (28 + -10) - 20).
-6
Evaluate -40 + (45 - (-101 + 190)).
-84
Calculate -2 + -60 - (-27 + -2 + -189 + 229).
-73
What is the value of (26 + -34 - -24) + -33?
-17
Evaluate -153 + 110 + 1 + 159 + (-23 - -3).
97
Calculate (-13 - 13) + -11 + -8 + 16.
-29
Calculate (-87 - (19 + -61)) + 59 + 2 + -91.
-75
(0 - (-28 + 49 + -27)) + 48
54
What is the value of -158 - ((33 - -18) + -101) - (5 + 2 + 0)?
-115
What is the value of -91 - -48 - (14 + -17)?
-40
-12 - 0 - (-20 - (-50 + 45))
3
-49 + 0 - (-4605 + 4586)
-30
What is the value of -11 + -15 + (-8 - (-23 - -12 - 3))?
-20
What is the value of (-64 + 52 - (-6 + (7 - 7))) + -27?
-33
Evaluate -37 + -35 + -17 - -39.
-50
Calculate 52 - (0 + 55 - 9 - 23).
29
9 + -27 - (-131 - (-8 - (-10 - 0)))
115
Calculate (-63 + 180 - 45) + 6 + -1 - 17.
60
Calculate (-15 - ((128 - 131) + 1 + -3)) + 84.
74
Calculate (-86 - -73) + (-48 - (-25 - -4)).
-40
What is -15 + -18 + 45 - (-1 + 3 - -47)?
-37
Evaluate 3 + (0 - 10) + (38 - 44).
-13
Evaluate (1 - -2 - -21) + 4022 + -4083.
-37
What is the value of 84 + 12 + 23 - (1 + -7 + 1)?
124
Evaluate -88 + 54 + -12 - -33.
-13
Evaluate -33 + 0 + (-68 - (-170 - -82)).
-13
Evaluate 58 + -20 + (-64 - -9).
-17
What is the value of 50 + -50 - 20 - (-5 - (22 - -3))?
10
What is the value of -17 - (-3 + 14 - (-76 + 67))?
-37
Calculate 35 + (-360 - -381 - (-1 + 9)).
48
Evaluate (12 - 6) + -25 - (27 - 15).
-31
What is -947 + 993 + (3 - 14)?
35
What is 130 + -92 - 43 - (-59 + -1)?
55
What is 0 + 3 + -40 + (6 - 53) + 42?
-42
Evaluate -21 + (-7 - (87 + -45)) - -21.
-49
What is the value of 12 + (-16 - ((7 + -24 + 16 - -64) + 4))?
-71
Calculate 266 - 402 - -34 - ((8 - -1) + -1).
-110
Evaluate 3 + (23 - 52) + (10 - -8) - (-1 + 102).
-109
Evaluate -9 + (-24 - -31 - (7 - 15)).
6
206 + -135 + 5 + (-5 - 20)
51
What is the value of 0 - (-26 - (-16 + 2 + 4)) - 3?
13
What is -1 - 4 - 0 - 11 - (-33 - -22 - -10)?
-15
What is the value of (2 - (-13 + 17) - (-4 - 2)) + 50?
54
What is (81 - (132 + 5)) + -12?
-68
What is -145 + 127 + 15 + -1 + (-3 - -17)?
10
What is the value of -144 + 145 + 9 + 63?
73
Evaluate 2555 + -2534 - (2 - (3 + -119) - -3).
-100
Evaluate 1 + 44 - (-191 + 106 + 90).
40
Evaluate 30 + ((-2 - -4) + -3 - (35 - (-24 - -64))).
34
Calculate 15 + -27 - 18 - -21 - -45.
36
Calculate 75 - ((-4 + 3 - -7) + -6 + -2 + 5).
72
Calculate 2 + (-8 - -8) + (-10 - (5 - -1)).
-14
What is -34 - (0 + -13) - (-25 - -11)?
-7
Evaluate -81 - ((-38 - 19) + 31 - 0).
-55
31 + -30 + 10 + 1 + -11 + (-49 - -45)
-3
Calculate 11 - (-7 - -1 - (33 + -68 + 13)).
-5
What is the value of 76 + -9 + -1 + -13 + 45 - -7?
105
What is the value of 1 + -3 - (53 - (35 + -15 + -14))?
-49
Calculate 2 + -37 - (14 - 27 - -3 - -8).
-33
What is the value of (76 - 42) + -11 - 53?
-30
What is the value of -2 + 9 - (1 - (14 + -8 + -86))?
-74
What is (-5 - -11 - (4 - -14 - 6)) + 29?
23
What is the value of 15 + (-13 - ((-30 - -28) + -40))?
44
What is the value of 89 - ((78 - -39) + 14)?
-42
What is 6 + (-21 - -2) + 216 + -189?
14
16 + -62 + 33 - (-6 + 3 + -26)
16
-17 + 5 - (-8 - -13) - 32
-49
Evaluate 118 + (68 - (111 + 50)).
25
Evaluate 3 + -7 - ((11 - (-2 + 4)) + -1).
-12
Calculate -1 + -1 + -11 + (-40 + 44 - -6).
-3
Evaluate -22 - ((3 - (-8 + 9)) + -1 - (-1 + 2)).
-22
Evaluate -47 - (-45 + (-47 - -56)) - (10 + 0).
-21
Calculate -6 - (-19 + 21) - ((-1 - -2) + -16).
7
Calculate -1 + -19 - (642 + -659) - (3 + 27).
-33
What is -136 - (-148 - -17 - -111)?
-116
Calculate 58 - (76 + (-32 - -38)).
-24
Calculate 62 - (69 - (-36 - -71)).
28
(2 - 5) + -5 + 117
109
-116 + 5 + (